
344
Calculate the highest common divisor of 380 and 314614540.
380
Calculate the greatest common divisor of 14435 and 435230.
5
Calculate the highest common factor of 692692 and 19712.
308
Calculate the greatest common factor of 181286 and 1754578.
322
What is the highest common divisor of 196809359 and 62?
31
What is the highest common factor of 1884 and 223419792?
1884
Calculate the highest common divisor of 3214807 and 3421.
311
Calculate the highest common factor of 31568383 and 5901.
1967
What is the greatest common divisor of 60 and 11615316?
12
Calculate the greatest common factor of 3051 and 5630112.
1017
Calculate the greatest common divisor of 2692 and 29156.
4
Calculate the greatest common divisor of 990 and 4556530.
110
Calculate the highest common factor of 2280976 and 10360.
296
What is the highest common divisor of 136 and 295070632?
136
Calculate the greatest common divisor of 297 and 317449.
11
What is the highest common divisor of 6004 and 123556?
316
Calculate the greatest common divisor of 14904732 and 24.
12
Calculate the highest common divisor of 1311 and 72865.
19
What is the highest common factor of 19328746 and 13342?
1906
Calculate the highest common factor of 24278 and 2004826.
122
What is the highest common factor of 8497 and 16341489?
293
Calculate the greatest common factor of 4568816 and 11276496.
12656
Calculate the greatest common factor of 9996 and 29915529.
2499
Calculate the highest common divisor of 16019071 and 322464.
3359
Calculate the highest common divisor of 1567196 and 11.
1
Calculate the highest common divisor of 994235 and 2805.
55
Calculate the highest common factor of 87180 and 771510.
30
What is the highest common divisor of 39672 and 52521552?
2088
Calculate the highest common factor of 499338 and 6615.
189
What is the highest common divisor of 300645344 and 5792?
5792
Calculate the highest common divisor of 1122 and 723078.
102
What is the greatest common divisor of 387 and 34510338?
387
Calculate the highest common divisor of 43550815 and 1085.
1085
What is the highest common divisor of 15426 and 215876586?
5142
What is the highest common factor of 142069865 and 1470?
245
What is the highest common divisor of 1593 and 91832379?
177
What is the greatest common factor of 663 and 4296189?
51
What is the greatest common divisor of 4929653 and 1516?
379
What is the greatest common factor of 333948 and 425?
17
What is the highest common divisor of 135055802 and 91?
7
What is the highest common factor of 29847231 and 822?
411
Calculate the greatest common divisor of 26 and 59946575.
13
What is the greatest common factor of 356417 and 486208?
107
What is the highest common divisor of 4632 and 2411052?
12
Calculate the greatest common divisor of 608560018 and 22.
22
What is the greatest common divisor of 4716 and 447905637?
1179
Calculate the highest common divisor of 66372586 and 13034.
266
Calculate the highest common divisor of 19362628 and 4.
4
Calculate the greatest common divisor of 4693729 and 4.
1
What is the highest common divisor of 79791478 and 10?
2
Calculate the highest common factor of 817314496 and 64.
64
What is the greatest common divisor of 719 and 133058140?
719
What is the greatest common factor of 19099184 and 65?
13
Calculate the highest common divisor of 60643852 and 16788.
5596
What is the greatest common divisor of 4902 and 261342777?
2451
What is the greatest common divisor of 1601136768 and 132?
132
Calculate the greatest common factor of 384 and 205959552.
384
What is the highest common divisor of 50219374 and 131?
131
Calculate the highest common divisor of 3272400 and 3096.
72
Calculate the highest common factor of 175656 and 133431.
1689
Calculate the greatest common divisor of 244 and 324171690.
122
Calculate the highest common divisor of 949461 and 79647.
573
Calculate the highest common divisor of 27209457 and 99.
99
Calculate the highest common divisor of 147 and 60766608.
21
What is the greatest common divisor of 4629744 and 16128?
1008
Calculate the greatest common divisor of 3082 and 750314441.
1541
Calculate the highest common factor of 443853 and 59177.
17
Calculate the highest common factor of 48202896 and 504.
168
Calculate the greatest common divisor of 18624963 and 6.
3
What is the greatest common divisor of 154 and 2380389?
11
Calculate the greatest common divisor of 231565143 and 34.
17
Calculate the greatest common factor of 1353 and 82434231.
1353
What is the highest common factor of 17138 and 3164678?
418
Calculate the greatest common divisor of 12 and 828348.
12
Calculate the highest common divisor of 128 and 126109.
1
What is the greatest common factor of 67280 and 6261680?
2320
Calculate the greatest common factor of 104176 and 147744.
16
Calculate the highest common factor of 3162 and 2412.
6
What is the greatest common divisor of 50654 and 65362322?
2666
Calculate the highest common divisor of 3012 and 16645316.
1004
What is the highest common factor of 12646860 and 15?
15
Calculate the greatest common factor of 557455848 and 120.
24
What is the greatest common divisor of 54 and 12420189?
27
Calculate the greatest common divisor of 638550840 and 15.
15
What is the greatest common divisor of 1998 and 5031408?
222
What is the greatest common divisor of 41235480 and 324?
324
What is the highest common divisor of 2379872 and 1056?
352
What is the greatest common divisor of 8 and 10949508?
4
Calculate the greatest common divisor of 38 and 376746991.
19
Calculate the greatest common factor of 2876312 and 96.
8
Calculate the greatest common factor of 47983 and 1391.
13
Calculate the highest common factor of 839689 and 1965529.
4691
Calculate the greatest common divisor of 3375 and 14165.
5
What is the greatest common factor of 466648 and 252?
28
What is the greatest common factor of 378711517 and 3802?
1901
What is the highest common factor of 26760018 and 645?
129
What is the greatest common factor of 10368 and 22167?
27
What is the highest common factor of 496538 and 162197?
203
Calculate the greatest common divisor of 101455 and 666845.
985
Calculate the greatest common factor of 2976753 and 2404.
601
Calculate the greatest common factor of 21250 and 51850.
850
What is the highest common divisor of 597 and 3931684989?
597
Calculate the highest common divisor of 26316522 and 1818.
18
What is the highest common divisor of 77841 and 5351778?
837
What is the highest common divisor of 22227500 and 3332?
68
What is the greatest common factor of 2744 and 2048396?
1372
Calculate the greatest common factor of 4061 and 8476617.
131
Calculate the highest common divisor of 290564 and 6664.
68
What is the highest common factor of 118728144 and 228?
12
What is the greatest common factor of 6587 and 7847?
7
What is the highest common factor of 758086 and 721756?
2422
What is the greatest common factor of 40 and 24998140?
20
What is the greatest common factor of 4242 and 6322398?
606
Calculate the highest common divisor of 249243 and 608709.
993
What is the highest common divisor of 4458412 and 598?
46
Calculate the highest common divisor of 1225217 and 201075.
2681
Calculate the greatest common factor of 1505167369 and 17.
17
Calculate the highest common divisor of 40689 and 167833083.
4521
Calculate the greatest common factor of 336 and 97157616.
48
Calculate the highest common factor of 455 and 34067215.
455
Calculate the greatest common divisor of 155 and 17875.
5
Calculate the highest common divisor of 7504188 and 288.
12
What is the highest common divisor of 144531212 and 337?
337
What is the highest common divisor of 137409378 and 18?
6
What is the highest common factor of 729 and 28902123?
27
Calculate the greatest common factor of 1100592 and 7902.
18
Calculate the highest common factor of 70395778 and 46.
46
What is the highest common factor of 44256 and 58272?
96
Calculate the greatest common factor of 262 and 302287478.
262
Calculate the greatest common factor of 13440 and 1469580.
420
What is the greatest common divisor of 84168784 and 222?
74
What is the greatest common divisor of 258 and 1454776?
86
What is the greatest common divisor of 738208 and 60157696?
12512
What is the greatest common factor of 28103892 and 12?
12
What is the highest common